 2*f**3 - 13*f**2 - 6*f + 33. Is g(10) composite?
False
Suppose -5*z = -4*w + 1339, -3*w + 999 = -2*z - 0*z. Is w composite?
False
Let u(h) be the first derivative of 41*h**5/120 - h**4/8 - h**3 - 1. Let j(t) be the third derivative of u(t). Is j(2) composite?
False
Let m = -114 - -273. Is m a prime number?
False
Let u = -69 - -134. Is u composite?
True
Let b be 2/4 + (-2)/(-4). Let y(g) = -4*g**3 + 19*g**2 + 5*g - 3. Let l be y(5). Is 78/(-9)*b*l a prime number?
False
Suppose 1267 = 4*p + 103. Is p a prime number?
False
Let f(t) = 2*t**2 + 8*t. Let g(h) = h**2 - 7*h - 2. Let l be g(6). Let q be f(l). Suppose 5*a - 81 = -4*u, -2*a - 3*u + q = 2*a. Is a composite?
False
Is (114/(-4))/(1/(-2)) a composite number?
True
Let p(q) be the first derivative of 13*q**3/3 - 4*q + 3. Is p(-5) a prime number?
False
Let z(m) = 4*m - m - 4*m + 41. Let k be z(0). Let g = k - -38. Is g prime?
True
Is (-59166)/(-198) + (-2)/(-11) a prime number?
False
Is (36/8 + -6)/((-6)/6676) prime?
True
Let a be (2/4)/((-2)/(-68)). Let c be -2 + 0 - 67/(-1). Suppose -56 = -y + 3*r + a, y - c = -r. Is y prime?
True
Let k(p) = 21*p + 1. Let j(c) = 20*c**2 + c. Let q be j(-1). Suppose -3*x + q = 1. Is k(x) composite?
False
Suppose 16*v - 19*v - 30 = 0. Let x(a) = -a**2 - 10*a + 6. Is x(v) a composite number?
True
Let m = -349 - -514. Let c = 464 - m. Is c composite?
True
Suppose p = -o + 695, -o - 4*p = -508 - 181. Is o a composite number?
True
Let b = -35 - -18. Suppose 0 = 2*o - 51 - 5. Let m = o + b. Is m composite?
False
Suppose 3*a - 1008 = -2*s - 189, a + 1 = 0. Is s a prime number?
False
Let h(x) = x**3 - x**2 + 1385. Is h(0) a prime number?
False
Let l = -424 - -873. Is l composite?
False
Let j = 373 - 122. Is j prime?
True
Let q(r) = 20*r**2 + 4*r - 14. Let m be q(6). Suppose m = 5*l + 200. Is l prime?
False
Suppose 1993 + 547 = 4*k. Is k prime?
False
Suppose -22 = -4*y + 30. Is y a prime number?
True
Let z = -19 - -371. Let i = 643 - z. Is i composite?
True
Let a(o) = -2*o + o + 2 - o**3 + 11*o - 9*o**2. Let p be a(-10). Suppose -p*m + m + 55 = 0. Is m composite?
True
Suppose 9*q = 6*q + 117. Suppose -y + 31 = 2*x - q, -5*x + 2*y + 166 = 0. Is x composite?
True
Is 4368/7 - (0 + 2) composite?
True
Suppose -3*k - m = -72, -136 = -4*k - 5*m - 29. Is k composite?
False
Is ((-59)/(-2))/(2/92) a composite number?
True
Let w = 7 + 2. Let a(u) = u**2 + 3*u + 11. Is a(w) a prime number?
False
Is 13079*(-3)/(-12) - 3/4 a composite number?
True
Let p be ((-12)/(-8))/((-6)/8). Is -2 - (0 + p - 127) a composite number?
False
Let o(u) be the second derivative of 5*u**4/12 + u**3/3 - 4*u**2 - 6*u. Is o(5) composite?
False
Suppose -8759 = 8*f - 24111. Is f composite?
True
Suppose -4*c = -0*c. Let p = 25 + 36. Suppose -p = -5*v + 3*m + 40, -5*v + 5*m + 95 = c. Is v composite?
True
Suppose -10 = 2*p - 4*p. Suppose 4*a = 20, -p*a = 4*z - 5*z + 72. Is z a prime number?
True
Let b = -5 + 3. Is b*(3 - 34/4) composite?
False
Let d(r) = r**3 + 5*r**2 + 1. Let p(q) = 2*q**3 + 6*q**2 + 2. Let g(n) = 3*d(n) - 2*p(n). Suppose 3*w = 6*w + 9. Is g(w) composite?
False
Let d(j) = 2*j + 7. Suppose c - 4*c = 15. Let a be d(c). Let x(z) = -37*z + 2. Is x(a) composite?
False
Let y(b) = b**3 - 4*b**2 - 7*b - 6. Let i be y(6). Suppose 2*g = i + 4. Is g a prime number?
False
Suppose 5*x - 4 = 1. Let n = -63 + 24. Is -1 - -1 - n/x prime?
False
Let n be -5*1*-1*-1. Suppose 2 = h - 10. Let s = h + n. Is s a prime number?
True
Let j(n) = n**3 - 2*n**2 - 2*n + 1. Let d be j(3). Is 1/(((-8)/(-194))/d) prime?
True
Let q(j) = 13*j**3 + 3*j**2 + 3*j - 2. Let z(k) = -k**3 + k**2 - 1. Let o(x) = -q(x) + 3*z(x). Suppose 9*u + 10 = 4*u. Is o(u) prime?
False
Is (15916/6)/(-8 + 52/6) composite?
True
Let f(b) be the third derivative of b**5/4 + b**4/12 + b**3/6 + 3*b**2. Let l(q) = q**2 + 3*q - 5. Let w be l(-4). Is f(w) a composite number?
True
Is -2*(4 - 1575/10) composite?
False
Suppose -j + 11 = -212. Is j prime?
True
Let o be (-1 - -3)*2/4. Suppose -3*w + 30 = -g + 4*g, -26 = -3*w - g. Is w + (-2 - (0 - o)) composite?
False
Suppose 3*k = 2*t + 69, k - 4*k - t = -69. Is k composite?
False
Let t be -1*1 - (-1 + -5). Suppose -i - 2 + 5 = b, t*i - 31 = 3*b. Is (-1)/b - (-687)/6 composite?
True
Let j(h) = h - 1. Let q be j(6). Suppose 0*v - q*v + 25 = 0. Suppose 0 = v*l - 21 - 44. Is l a prime number?
True
Let z(y) = y - 8. Let h be z(7). Let a be -1 + 3 + 45*h. Let u = 118 - a. Is u composite?
True
Suppose -5*v + 46 = -199. Is v prime?
False
Let c = -15 + 20. Suppose -c*w - 3556 = -9*w. Is w a composite number?
True
Is (-7)/((-21)/(-9))*7586/(-6) composite?
False
Suppose 3*v - 2*v + 6 = 2*i, 2*v = -2*i + 12. Suppose 3*c - v*b = 2*b + 1619, 3*b + 538 = c. Is c a prime number?
True
Suppose -5*a = -2507 - 873. Suppose -a = -3*j - j. Is j a prime number?
False
Let i(u) = -u**3 + 5*u**2 - 4*u - 1. Let k be i(5). Let o be k - (-1 - -4)*-1. Is 14/6 - o/27 a prime number?
True
Suppose 4 + 0 = 5*a - 4*s, 0 = a - s. Suppose -a*x + 45 = -x. Is x a composite number?
True
Let s = 48 - 27. Suppose -2*x + s = -x. Is x prime?
False
Suppose 5*u = 2*u + 3. Let h be ((0/(-3))/(-2))/u. Is -1*(-2)/1 - h composite?
False
Suppose -6*u = -u - 1280. Suppose 4*q + 0*q - u = 0. Suppose 3*l - 35 - q = 0. Is l composite?
True
Suppose 4*y + k = 30, -5*y - 3*k = 1 - 35. Suppose -t - y = -3. Is 2 + t + 52 + 0 prime?
False
Let w(n) = -9*n**3 + 2*n**2 - n - 1. Let l be w(-3). Let j = 520 - l. Is j a prime number?
True
Let j(n) = -n + 13. Let r(y) = y - 20. Let l(s) = 7*j(s) + 5*r(s). Is l(-6) composite?
False
Suppose 0 = -u - 5*m - 5 - 5, 0 = -2*m. Is -44*1*u + -3 a composite number?
True
Let l = -106 - -162. Let p be (-1)/((-2)/l*2). Let g = p - 4. Is g a composite number?
True
Suppose 2*n - 179 = 191. Is n a prime number?
False
Let s = -6541 + 9998. Is s a composite number?
False
Let a(j) = 2*j**2 + 10*j + 9. Suppose -5*x - 73 = c, 0 = -5*x + 3*c - 7*c - 82. Let f = -20 - x. Is a(f) a composite number?
True
Let a = -13 + 20. Let y(w) = -w**3 + 8*w**2 + 5*w - 4. Let x be y(a). Let d = 11 + x. Is d a prime number?
False
Let h(t) = -t**2 - 44. Let z be h(0). Let s = 71 + z. Let g = s + -4. Is g a prime number?
True
Let m(r) = 39*r**2 - 6*r + 4. Let q be m(4). Suppose 0 = 4*v - 7*v + 3, -v = -5*f + q. Is f a composite number?
True
Suppose 0*a - 5*a = -4*z + 1586, -a = 2. Is z prime?
False
Let l(s) = -252*s**3 - 2*s**2 + 1. Is l(-1) a prime number?
True
Suppose 3*v + 4 = 1. Let x(w) = 210*w**2 + 2*w + 1. Let z be x(v). Is 2*(z/2 - -1) a composite number?
False
Suppose 2*q + 2*p - 5590 + 88 = 0, -5*p + 20 = 0. Is q composite?
True
Let o be ((-4)/(-6))/(6/(-45)). Let t = o - -2. Is 3 + 3/(t/(-20)) a composite number?
False
Suppose -4084 = -7*b - 17. Is b a prime number?
False
Let i be (-2)/(-6) + 454/6. Suppose 0 = -4*t - 2*p + 124, 5*t - i = p + 65. Let w = -18 + t. Is w a composite number?
False
Let u = 560 - 257. Is u a composite number?
True
Let n = -2619 + 4945. Is n composite?
True
Let z = 154 + 51. Is z prime?
False
Let m(v) = 5*v**2 + 6*v - 8. Let p(o) = -o**2 - 5*o + 6. Let i be p(-5). Let y be m(i). Let b = y - 95. Is b a prime number?
True
Let h be ((-2)/(-6))/((-5)/(-30)). Suppose h*g + g - 342 = 0. Suppose 4*d = -0*s + 2*s + g, d - 5*s = 6. Is d prime?
True
Is ((-1219)/3)/((-12)/36) composite?
True
Suppose -2*r - 2*r + 4998 = 2*j, 4*j = 5*r + 9970. Is j composite?
True
Let l(i) = -31*i**3 - i**2 + 1. Let m be (-3)/(-2)*6/(-9). Is l(m) prime?
True
Let d(k) = -k - 4. Let u be d(-6). Suppose w + 2 = u*w. Suppose 5*s = -w*l + 32, -4*l + 38 = 2*s - 5*s. Is l a prime number?
True
Suppose -2 - 2 = -l, 4*l + 161 = 3*f. Is f a composite number?
False
Suppose -3*s + 9 = 3*a, 0 = -s - 0 + 3. Let d = -4 + a. Let v = d + 29. Is v a prime number?
False
Let t(u) = -36*u**2 + 4*u + 7. Let z(a) = -35*a**2 + 3*a + 6. Let h(g) = 5*t(g) - 6*z(g). Let v(c) = c + 5. Let r be v(-4). Is h(r) a composite number?
False
Suppose -c - 1 = -5. Let z(o) = -o**3 + 6*o**2 - 7*o + 6. Let f be z(c). Let t(p) = p**2 - 4*p - 9. Is t(f) prime?
False
Suppose 0 = -5*w - 4*f + 924, 3*f = 3*w - 2*w - 200. Suppose 0 = 5*i - 3*y - 788, w = 2*i + 4*y - 122. Is i a composite number?
False
Suppose 4*h - 36 = 3*b, 0 = 4*h + 3*b + 3 - 15. Let i = h - 6. Suppose 5*m = 5, 4*x - 5*m + i*m = 3